{"id":5352,"date":"2024-07-31T11:11:37","date_gmt":"2024-07-31T11:11:37","guid":{"rendered":"https:\/\/satryna.mx\/tienda\/?post_type=product&#038;p=5352"},"modified":"2024-08-05T06:50:11","modified_gmt":"2024-08-05T06:50:11","slug":"anejo-double-barrel-2","status":"publish","type":"product","link":"https:\/\/satryna.mx\/tienda\/product\/anejo-double-barrel-2\/","title":{"rendered":"A\u00d1EJO (Double Barrel)"},"content":{"rendered":"","protected":false},"excerpt":{"rendered":"<p>El Tequila Satryna A\u00f1ejo se elabora artesanalmente con Agave Tequilana Weber procedente de los mejores campos de las tierras altas de Arandas.<\/p>\n<p>El agave s\u00f3lo se cosecha despu\u00e9s de 8 largos a\u00f1os y luego se cuece en hornos tradicionales de ladrillo y se fermenta utilizando levadura especial patentada. Este A\u00f1ejo se destila en peque\u00f1os lotes en diminutas ollas de acero inoxidable para conseguir la m\u00e1xima suavidad y conservar el verdadero car\u00e1cter del agave dulce. A continuaci\u00f3n, se envejece durante 12 meses en barricas de roble franc\u00e9s ex co\u00f1ac y en barricas de roble americano ex bourbon, lo que da como resultado un tequila poco com\u00fan con un car\u00e1cter mucho m\u00e1s complejo.<\/p>\n<p>&nbsp;<\/p>\n<p>Color: \u00c1mbar dorado brillante.<\/p>\n<p>A\u00f1ejamiento: 24 meses (12 meses en barricas de roble franc\u00e9s y roble americano).<\/p>\n<p>Aroma: Una fresca mezcla de rico caramelo y chocolate.<\/p>\n<p>Sabor: Complejo, con cuerpo, agave tostado, un toque de almendras, miel silvestre y vainilla.<\/p>\n<p>Final: Brillante con roble y esencia de vainilla. [&#8230;]<\/p>\n<p><a class=\"btn btn-secondary understrap-read-more-link\" href=\"https:\/\/satryna.mx\/tienda\/product\/anejo-double-barrel-2\/\">Read More&#8230;<\/a><\/p>\n","protected":false},"featured_media":5258,"comment_status":"open","ping_status":"closed","template":"","meta":[],"product_cat":[18],"product_tag":[],"_links":{"self":[{"href":"https:\/\/satryna.mx\/tienda\/wp-json\/wp\/v2\/product\/5352"}],"collection":[{"href":"https:\/\/satryna.mx\/tienda\/wp-json\/wp\/v2\/product"}],"about":[{"href":"https:\/\/satryna.mx\/tienda\/wp-json\/wp\/v2\/types\/product"}],"replies":[{"embeddable":true,"href":"https:\/\/satryna.mx\/tienda\/wp-json\/wp\/v2\/comments?post=5352"}],"wp:featuredmedia":[{"embeddable":true,"href":"https:\/\/satryna.mx\/tienda\/wp-json\/wp\/v2\/media\/5258"}],"wp:attachment":[{"href":"https:\/\/satryna.mx\/tienda\/wp-json\/wp\/v2\/media?parent=5352"}],"wp:term":[{"taxonomy":"product_cat","embeddable":true,"href":"https:\/\/satryna.mx\/tienda\/wp-json\/wp\/v2\/product_cat?post=5352"},{"taxonomy":"product_tag","embeddable":true,"href":"https:\/\/satryna.mx\/tienda\/wp-json\/wp\/v2\/product_tag?post=5352"}],"curies":[{"name":"wp","href":"https:\/\/api.w.org\/{rel}","templated":true}]}}