{"id":5356,"date":"2024-07-31T12:10:23","date_gmt":"2024-07-31T12:10:23","guid":{"rendered":"https:\/\/satryna.mx\/tienda\/?post_type=product&#038;p=5356"},"modified":"2024-08-05T06:52:21","modified_gmt":"2024-08-05T06:52:21","slug":"xpresso-coffee-liqueur","status":"publish","type":"product","link":"https:\/\/satryna.mx\/tienda\/product\/xpresso-coffee-liqueur\/","title":{"rendered":"Xpresso &#8211; Coffee Liqueur"},"content":{"rendered":"","protected":false},"excerpt":{"rendered":"<p>Mezcla artesanal creada mediante el proceso de maceraci\u00f3n del renombrado caf\u00e9 de las monta\u00f1as de Nayarit y nuestro galardonado Tequila Blanco.<\/p>\n<p>Satryna Xpresso logra un fino equilibrio de sabores entre el lujoso caf\u00e9 ar\u00e1bica, el tequila ultra suave y el n\u00e9ctar de agave para el dulzor perfecto.\u00a0 Sus ricos sabores a caf\u00e9 se combinan a la perfecci\u00f3n con el car\u00e1cter \u00fanico del tequila, dando como resultado un licor complejo pero accesible. Ya sea solo, con hielo o como delicioso complemento de c\u00f3cteles, este licor de tequila y caf\u00e9 promete una experiencia lujosa y placentera.<\/p>\n<p>&nbsp;<\/p>\n<p>Color: Rico color marr\u00f3n oscuro, que recuerda a una taza de caf\u00e9 reci\u00e9n hecho.<\/p>\n<p>A\u00f1ejamiento: 30 d\u00edas en dep\u00f3sitos de acero.<\/p>\n<p>Aroma: Una deliciosa mezcla de granos de caf\u00e9 reci\u00e9n tostados y las notas terrosas del agave del tequila, con toques de cacao y caramelo de fondo.<\/p>\n<p>Sabor: textura suave y aterciopelada que envuelve con gracia el paladar, ofreciendo un delicioso equilibrio de sabores entre la robusta esencia del caf\u00e9 reci\u00e9n molido y el car\u00e1cter de agave del tequila que a\u00f1ade profundidad y complejidad, proporcionando una sutil pero inconfundible columna vertebral al licor. Notas dulces de caramelo cremoso y rico chocolate negro emergen, aportando un exquisito dulzor que armoniza maravillosamente con el caf\u00e9 y el tequila.<\/p>\n<p>Final: Largo y satisfactorio, dejando tras de s\u00ed un calor persistente y un sutil toque de vainilla y un ligero toque de especias. [&#8230;]<\/p>\n<p><a class=\"btn btn-secondary understrap-read-more-link\" href=\"https:\/\/satryna.mx\/tienda\/product\/xpresso-coffee-liqueur\/\">Read More&#8230;<\/a><\/p>\n","protected":false},"featured_media":5235,"comment_status":"open","ping_status":"closed","template":"","meta":[],"product_cat":[18],"product_tag":[],"_links":{"self":[{"href":"https:\/\/satryna.mx\/tienda\/wp-json\/wp\/v2\/product\/5356"}],"collection":[{"href":"https:\/\/satryna.mx\/tienda\/wp-json\/wp\/v2\/product"}],"about":[{"href":"https:\/\/satryna.mx\/tienda\/wp-json\/wp\/v2\/types\/product"}],"replies":[{"embeddable":true,"href":"https:\/\/satryna.mx\/tienda\/wp-json\/wp\/v2\/comments?post=5356"}],"wp:featuredmedia":[{"embeddable":true,"href":"https:\/\/satryna.mx\/tienda\/wp-json\/wp\/v2\/media\/5235"}],"wp:attachment":[{"href":"https:\/\/satryna.mx\/tienda\/wp-json\/wp\/v2\/media?parent=5356"}],"wp:term":[{"taxonomy":"product_cat","embeddable":true,"href":"https:\/\/satryna.mx\/tienda\/wp-json\/wp\/v2\/product_cat?post=5356"},{"taxonomy":"product_tag","embeddable":true,"href":"https:\/\/satryna.mx\/tienda\/wp-json\/wp\/v2\/product_tag?post=5356"}],"curies":[{"name":"wp","href":"https:\/\/api.w.org\/{rel}","templated":true}]}}